 derivative of s**3/2 + s**2/2 - 6*s. Determine m(2).
7
Suppose 2*q = 3*u - 3*q - 3, 2*u + 5 = q. Let g(w) = w**2 + 6*w - 5. What is g(u)?
-13
Let x(g) be the third derivative of g**6/120 + 11*g**5/60 + 5*g**4/12 + 2*g**3/3 + 36*g**2. Calculate x(-10).
4
Let g be ((-3)/2)/(6/16). Let s be ((-2)/g)/(2/4). Let v(d) = 0*d**2 + 3*d + 1 - 2 - d**2 - 2*d + 3*d**3. Give v(s).
2
Let w(b) = 126 + 3*b + 0*b + 10*b - 125. Determine w(-1).
-12
Let z(l) = -l**2 + l + 1. Let g be z(3). Let f = g - -10. Let q(t) = t**2 - 7*t + 2. What is q(f)?
-8
Let h(i) be the first derivative of -i**4/4 + i**2/2 - 7*i + 1. Let k = 4 + -4. Suppose j + 0*j = k. Calculate h(j).
-7
Let a(y) be the second derivative of y**4/12 - y**3/3 - y**2 + 2*y. Give a(4).
6
Let r(n) = n**2 - 4*n + 2. Let i be (-180)/70*(-28)/6. Suppose 2*w = d + i - 2, 2*w + 6 = -3*d. Calculate r(w).
-1
Let z = 3 - 5. Let b(f) be the second derivative of -f**3/2 - f**2 - 2*f. Let m be b(z). Let w(o) = -o**3 + 4*o**2 + 4. What is w(m)?
4
Let g(c) = c + 6. Let f(a) = -1. Let t(q) = -6*f(q) - g(q). Let r(n) = 5*n**2 - 6*n**2 + 2 + 4 + n. Let j(v) = r(v) - 4*t(v). Calculate j(5).
6
Let c(w) = -2*w + 31. Let x(q) = q - 16. Let k(m) = 3*c(m) + 5*x(m). Calculate k(9).
4
Let q = -4 + -1. Let r be -3*1*3/(-3). Let a(o) = 6 + 0*o**r + o**3 - 5*o + 4*o**2 - 3. Give a(q).
3
Let v(r) = -2*r - 1. Suppose 2*f - 1 = f. Suppose -p = f + 3, -5*a + p = -14. What is v(a)?
-5
Let p(l) = 3*l - l**2 - 6*l + 2*l - l**3. Let u = 0 + 5. Suppose 4*c + 2 + 3 = -w, -u*c - 4 = -w. Determine p(c).
1
Let n = -16 + 10. Let d = n + 12. Let z(a) = -a**2 + 6*a + 5. What is z(d)?
5
Let i(c) = -11*c + 5. Let k(q) = -6*q + 3. Let g(o) = 3*i(o) - 5*k(o). What is g(-2)?
6
Let m(p) be the third derivative of -p**4/8 + 5*p**2. Give m(3).
-9
Suppose 0*x = -3*x + 6. Let c(n) = -4*n**x + 5*n**3 - 7*n**3 - n + n**3. Determine c(-4).
4
Suppose 2 - 14 = 4*w. Let t be -5 + 3 + 2*-1. Let o = w - t. Let p(a) = 5*a**3 - 2*a**2 + a. What is p(o)?
4
Let i be 14/(-3)*138/92. Let x(u) = 3*u + u + u**2 + 3*u - 1. Calculate x(i).
-1
Let w(b) be the first derivative of b**4/4 - 2*b**3 + b**2 + 3*b - 6. Give w(6).
15
Suppose 5*l = 8 + 12. Let s(n) = 2 + 134*n - 138*n + 1. What is s(l)?
-13
Let a(n) be the second derivative of 1/3*n**3 - 1/6*n**4 + 0 - 1/20*n**5 - 1/2*n**2 - 2*n. Let v(q) = -q**2 + 7*q - 5. Let l be v(6). Calculate a(l).
-2
Let u(h) = 2 - 5 - 4 + h. Let f be 16/(-20)*(-10)/4. Let o be f*(0 - 1) + 5. What is u(o)?
-4
Suppose -s - 14 = -3*s. Let n(w) = w**2 - 8*w + 4. Let h be n(s). Let x = h + 3. Let i(t) = -t - 2. Give i(x).
-2
Suppose 0 = -u + 4 - 3. Let o(h) = 8 - u - 4 + h. Suppose 3*z + 0 = -9. Give o(z).
0
Suppose 0 = 2*b + 2*b + 8. Let f = -4 - -2. Let i be (f/3)/(b/9). Let r(m) = -m + 4. Determine r(i).
1
Let r be -2 - (-11 - -2)/1. Let k(d) = -d**3 - r*d**2 + 0*d**3 + 10 - 2*d + d + 3*d. Give k(-7).
-4
Let m = 11 + -6. Suppose 5*i - 2 = 2*t - 23, 4*t - 2*i = 18. Let p(b) = 9*b**3 + 2*b**2 + m*b**3 - 6*b**t - 1. Determine p(1).
9
Suppose 0 = -4*v - v + k - 30, 5*v + 3*k + 50 = 0. Let r(p) = -4*p**2 - 7*p - 7*p**2 - p**3 + 2 + 3*p**2. Calculate r(v).
2
Let c(a) = -a**2 + 12*a - 32. Let v be c(7). Let l(j) = -j**2 - 2. What is l(v)?
-11
Suppose -4*u + 0*k - 2*k = -4, 0 = 4*k - 8. Let c(i) = i. Give c(u).
0
Let t(p) be the second derivative of -3/2*p**2 + 0 + 2*p + 1/3*p**3. Let u be 20/(-6) + (-1)/(-3). Give t(u).
-9
Let d(u) = u. Let o be ((-6)/9)/((-2)/3). Let l be o + (-3)/1 + -3. Determine d(l).
-5
Let g(c) be the second derivative of -c**5/20 - c**4/4 + c**2/2 + 2*c. Let r = -7 - -12. Let l(y) = -y**3 + 6*y**2 - 4*y - 7. Let i be l(r). Determine g(i).
-3
Let d(n) = -2*n - 2. Let s be d(-1). Let a(b) = -b. Let y(w) = 6 - 4 + w + 2*w. Let g(k) = -4*a(k) - y(k). Give g(s).
-2
Let k be 3/(-12)*-4*-5. Let g(d) be the second derivative of d**5/20 + 5*d**4/12 + d**2/2 + d. Determine g(k).
1
Let n(b) = b**3 - 4*b**2 - 6*b + 2. Suppose 8 = 3*v + v. Let w = v - 4. Let l(h) = h**3 + 2*h**2 - 3*h - 1. Let m be l(w). Determine n(m).
-3
Suppose 5*p + 1 = 26. Suppose u + 4*x + x + 12 = 0, 5*x = -25. Let l(w) = 4 - 5 + u*w - 11*w. What is l(p)?
9
Let p(s) = 53*s**3 - 8*s**2 + 8*s + 11. Let g(h) = 35*h**3 - 5*h**2 + 5*h + 7. Let u(a) = -8*g(a) + 5*p(a). Give u(-1).
14
Let b(j) = j**2 + 10*j + 20. Let v be b(-6). Let t(a) = -2*a - 3. Give t(v).
5
Suppose -i + 2*k + 11 = 0, 4*i - 3*i - k = 8. Suppose 5*s = 20 - i. Let v(l) = -l - 4. What is v(s)?
-7
Let j(n) be the second derivative of -n**5/20 - n**4/6 - n**3/3 - n**2/2 + 22*n. Determine j(-2).
3
Let d(x) = 4*x - 49. Let n be d(12). Let t(k) be the second derivative of -k**5/4 - k**4/12 - k**3/6 - k**2/2 + k. Determine t(n).
4
Suppose 0*b = 3*b + 15. Let g(n) = n**3 + 4*n**2 - 6*n + 6. What is g(b)?
11
Let i = -33 - -47. Suppose -5*a + i = -6. Let v(z) = 7*z - 2*z - a*z + 2. Determine v(-3).
-1
Let q be 0/(-1*(0 + 2)). Suppose -4*s + 0*s + 8 = 0. Let l(v) = v**2 + 0*v**2 - s + q. Give l(2).
2
Let m be 406/12 - 5/(-30). Let v be m/(-6) - (-4)/6. Let z(i) = 0 + 3 + i + 1. Determine z(v).
-1
Let k = -56 + 51. Let g(w) = w**3 + 4*w**2 - 5*w + 3. Give g(k).
3
Let v(i) be the third derivative of i**5/60 - 5*i**4/24 - i**3/3 + i**2. Suppose 2*r - 15 = -r. Determine v(r).
-2
Let c(p) = 17*p**3 + 2*p**2 + 18*p - 2. Let x(h) = 8*h**3 + h**2 + 8*h - 1. Let b(j) = 4*c(j) - 9*x(j). Calculate b(-1).
4
Let i(d) = -3*d. Let o = 2 - -2. Let y be (-2)/o*6/(-1). Let h = y - 5. Give i(h).
6
Let o(v) = -2 + 3*v - 10 - 8 + 18. Suppose 4*w + 5*p + 24 = -0*p, 5*w - 3*p + 30 = 0. Let j = -3 - w. What is o(j)?
7
Let m(c) be the third derivative of -c**7/1260 - c**6/240 - c**5/15 + c**2. Let o(t) be the third derivative of m(t). Give o(-2).
5
Let a(o) = -4*o**3. Let q be a(1). Let j(h) = -13*h**2 - 2*h + 6. Let x(v) = 7*v**2 + v - 3. Let l(b) = -6*j(b) - 11*x(b). Give l(q).
9
Let a(j) = 23*j + 13. Let p(c) = -12*c - 7. Suppose -6 - 24 = 5*h. Let l(d) = h*a(d) - 11*p(d). Give l(-1).
5
Suppose 5*b - 6 = 4*b. Suppose -5*f + 0 - 1 = -4*h, -b = -2*f. Let c(d) = d**3 - 3*d**2 - 4*d - 5. Calculate c(h).
-5
Let w(f) = f**2 + 6*f - 7. Suppose 0*r + 28 = -4*r. Let m be w(r). Let g(u) = -u**2 + 15. Give g(m).
15
Let m(y) = 22*y. Let x(w) = -11*w. Let j(l) = 3*m(l) + 7*x(l). Give j(-1).
11
Let c(x) = -x + 10. Let n be c(6). Let i(m) = m**3 - 5*m**2 + 4*m - 2. Calculate i(n).
-2
Let j(t) = t**2 - 7*t + 1. Let g(k) = k**2 + 5*k - 30. Let y be g(-9). Calculate j(y).
-5
Let i = 10 - 4. Let p(h) = -6*h**2 + 3*h - 5. Let q(b) = 7*b**2 - 4*b + 6. Let z(o) = i*p(o) + 5*q(o). Calculate z(-2).
0
Let v(t) = -4*t - 1. Suppose -q = 31 - 28. Determine v(q).
11
Let p = 58 + -52. Let y(j) = -j**2 + 11*j - 1. Calculate y(p).
29
Let k(f) = -f**3 - 6*f**2 - 4. Suppose 0 = x + 3*x + 4*i + 32, 2*x = -4*i - 20. Calculate k(x).
-4
Let f(v) = 2*v - 6. Let g = 6 + 0. Let t = g - 1. Calculate f(t).
4
Let p(q) = q**2 + 2*q + 4. Let b(s) = s**3 + 4*s**2 + s + 1. Let w be b(-4). Give p(w).
7
Suppose -5*x = 2*l - 15, -l = -6*x + x + 15. Let s be 0/(-2) + 3 + -3. Let p(b) = b**2 - 1 - 4*b + s*b + 3*b. Calculate p(x).
5
Let c(l) = l**2 - 3*l. Let d(r) = r + 7. Let s be d(-6). Let m be 3 + (s - 0/(-2)). Suppose 3*z = 16 - m. Determine c(z).
4
Let w(n) be the first derivative of 5*n**4/2 + n**3/3 - n**2/2 - n - 3. Suppose 2*k + 13 = -3*y, -5*y - k = 5 + 5. What is w(y)?
-9
Let d(w) = -w**2 + 3*w - 4. Let l be d(3). Let b be 1/(l/(-6))*4. Let u(g) = -g**3 + 1 - 4*g**3 + 6*g**3 - 7*g**2 + 2*g + 4*g. Determine u(b).
1
Let b(s) = s**3 + 5*s**2 + 2*s + 2. Let v be 24 - (2 - 0/2). Let h be v/(-5) + (-8)/(-20). Determine b(h).
10
Let r(w) = -w**2 + 7*w. Let j = 9 + -3. Calculate r(j).
6
Let h(q) = -q**2 - q - 4. Let s(g) = -1. Let c(y) = h(y) - 5*s(y). Determine c(1).
-1
Let l = -11 - -16. Let p(j) = j**2 - 7*j + 7. Calculate p(l).
-3
Let j(n) = n - 3. Let h be j(5). Let t(s) = 6 + 4*s**3 - 6*s + s**3 + 5*s**h - 4*s**3. Calculate t(-6).
6
Let r(w) = -w**2 - 2*w. Let z(p) = -p - 1. Let t(g) = -r(g) - 2*z(g). Calculate t(-5).
7
Let o = 15 - 17. Let g(d) be the first derivative of d**4/4 + 2*d**3/3 - 2*d + 1. Give g(o).
-2
Let z be -3*2*(1 + -2). Let c(m) = 1 + 2*m + 5 - 2. What is c(z)?
16
Let b(f) be the first derivative of f**3 + f**2/2 + f + 18. What is b(-1)?
3
Let c be (1 - 11)